hat is the value of -48 + 11 + 6 - -12 - -54?
35
111 - (-66 + (-43 - -74) + 81)
65
93 - (-100 + 146) - 131
-84
Calculate -23 + 64 + -14 - 9 - ((1 - -3) + -5).
19
-3 - 96 - (602 - 624)
-77
Calculate -3 + -32 + (-19 + -49 - -126).
23
Evaluate 14 - ((-74 - -44) + 49).
-5
(0 + 0 - 32) + (3 + 6 + 19 - 23)
-27
-2 - (-2 - 1 - -11) - (-622 + 614) - 51
-53
What is the value of (2422 - 2326) + (-59 - 2)?
35
Calculate 5406 + -5401 + (-1 - -96 - -1) - 18.
83
What is the value of -2 + 58 + -3 - (868 + -904)?
89
What is 36 + 24 + -52 + 31 + -3?
36
What is -24 + 49 + -82 - -50?
-7
What is 74 + (66 + -20 - 89)?
31
Calculate (40 - 32) + (-72 - (-5 + 5 + -1)).
-63
12 - 14 - (-8 + 1 + -9 + 9 + -15)
20
What is the value of -7 + (7 - 0) + 3 - (17 + (80 - 20))?
-74
What is the value of 145 + (124 - 262) - (7 - 7 - (-139 - -1))?
-131
What is 51 + (-42 - 81) + 56?
-16
What is (-16 - 197) + 213 + 0 + -12 + 2?
-10
What is (80 - (180 - 111)) + -29 + -1 + -1?
-20
What is the value of (-333 - -306) + (9 - -55 - 6)?
31
What is the value of 22 + (-576 + 581 - ((12 - 2) + 0)) + 0?
17
Evaluate -16 - -12 - (3 - -1 - (2 - 0)) - -46.
40
What is -118 + 83 + (27 - 49)?
-57
What is -2 + -7 + -6 - (13 + -19) - (88 + 5)?
-102
Evaluate -2 + 0 + 6 + -8 - (40 - 0).
-44
Calculate -68 + (1354 - 1319) + 0 + -55.
-88
What is the value of -170 - -266 - (2 - -74)?
20
Calculate -34 + -1 - (-79 - -40 - -48) - 12.
-56
Calculate -411 - -440 - (18 + 30).
-19
What is the value of (-34 - -28) + 5 + 99?
98
Evaluate (-146 - -193 - 79) + (-18 - -1 - -2).
-47
What is -74 + 10 - -111 - -14?
61
Evaluate -29 - (-10 + (8 - 4) + (-7 + -1 - -11)).
-26
Evaluate (-24 - -23) + (-4 - -3 - -24 - (-107 + 106)).
23
Calculate (-16 - -6) + 25 + (10 - 52).
-27
What is ((-6 - 21) + -9 - (-63 + 42)) + 59?
44
(11 - (99 - (8 - -4))) + (39 - 26)
-63
Evaluate 78 + (10 - (5 + 6)) + (13 + -10 - 10).
70
Calculate (205 - -132) + -165 + (-3 - -1) + -21.
149
Calculate (43 - 147) + (5 - (1 - (-4 - 3)) - -9).
-98
1 - 11 - (14 + (-2 + 4 - (16 + 3)))
-7
(-3 - (0 - -5)) + 2 + (-18 - (19 - 61))
18
What is the value of 56 - (57 - 26) - -8?
33
Calculate -19 + 14 + -33 - (3 - (-5 - -10 - -4)).
-32
What is the value of -10 + (-46 - -14 - (1 + -5 + -6))?
-32
What is (17 - (-1 - -3)) + -34 + 42?
23
Calculate (-16 - -17) + 6 + 3 - ((-3 - -3) + 4).
6
Evaluate -44 + (49 + -5 + -5 - 24).
-29
Calculate (4 - (-3 + (-1 - -11) + 3)) + 48.
42
What is 22 + -12 + -22 + -84 + 8?
-88
What is the value of (-93 - -75) + 17 + 6 + (-30 - 2) + -11?
-38
Calculate -14 + 5 + (-36 - (-12 + -1)).
-32
What is -5 + (-3 + (7 - -8) - (-3 + 11))?
-1
What is the value of -93 - (-42 - ((22 - 47) + (-15 - -17)))?
-74
What is (1 - 6) + -9 + (52 - 40) - (2 + 54)?
-58
-20 - (-9 + (-48 + -3 - 8))
48
-2051 + 2085 - (-21 + -2)
57
Evaluate -131 + (67 - 54) + 58.
-60
Evaluate -47 + (1 - 3 - -14) + -13 + 12.
-36
Calculate -20 + -96 + 90 + 4 + (11 - 1).
-12
What is the value of 52 - (-29 + 225 - 68)?
-76
Calculate (-4 - -2) + 5 + -44 + 116 + -113.
-38
Calculate (8 - 1) + (-159 - -215).
63
-46 + -53 + 68 + 56
25
What is 1 + -12 + (-16 - -2 - (138 - 81))?
-82
What is the value of 185 + -116 - 174 - -46?
-59
Calculate (80 - (-91 + 212)) + 76.
35
-1 - 38 - (-48 + -31 - -78)
-38
-2 + -104 + 13051 + -13038
-93
What is -25 + (19 - 7) + (-11 - -2) + 9?
-13
(62 + -25 - 21) + (2 + 6 - 1)
23
What is 20 - (44 - (-25 - 33))?
-82
What is the value of (-8 - -19) + (4 - (8 + -4) - -4)?
15
0 + -85 - (218 - (253 - 15))
-65
Evaluate -165 - -216 - (4 - (15 + 1)) - (-2 - 8).
73
What is 2970 + -2894 - (-2 - -2)?
76
What is the value of -139 - (65 - (101 + -3))?
-106
-12 + -50 + 6 + 95
39
Calculate -55 + -8 + 49 - 7.
-21
What is 31 + -12 + -2 - (-13 + (-9 - -14))?
25
Evaluate -55 - (23 + -5 + 0 + 47 + -47).
-73
What is (0 - 0) + 2 + (-48 - 9) + -6 + 13?
-48
Calculate 3 + (-54 - -45) + 54.
48
2 - 100 - (-150 - (-293 - -134))
-107
What is the value of (-9 - -10) + (104 + 0 - (-116 + 126))?
95
-8 - 14 - (16 + -31 - -17 - 87)
63
What is (-133 - -63) + 71 - (-2 - 17)?
20
What is the value of 68 + 33 + -47 - 98?
-44
Evaluate 2 + -1 + 1 + -3 - 2 - (16 + -6).
-13
What is the value of 45 + -22 + (-9 - -82) + -17?
79
Calculate (-36 - -30) + -30 - -101 - -33.
98
What is -1 - (6 + 13 + 7 + -87 + 9 + -13)?
64
What is (2 + -3 - -1 - (1 + 2)) + (-202 - -162)?
-43
Evaluate -77 + (253 - 62 - 26).
88
Calculate -13 + (23 + (-26 - 7) - 13).
-36
What is the value of 6646 + -6795 - (2 - 97)?
-54
What is 30 + 137 + -217 + (2 - 45)?
-93
Evaluate 79 - (-77 - -176) - 48.
-68
Evaluate -77 + -1 - (-906 + 870).
-42
Evaluate -3255 + 3214 + 1 + 5.
-35
What is -3 + -4 + (-5 + 0 - (-28 - -18))?
-2
Evaluate 2 + 6 + 144 + -218 + 119.
53
What is the value of -21 - (-33 + (75 - 104))?
41
Evaluate 12 - -1 - (67 - (81 - 25)) - -24.
26
Evaluate 1 - -8 - -14 - (11 - 4 - -4 - -1).
11
Calculate 11 + (1 + -2 + -32 - (25 - 34)) + 9.
-4
Calculate -53 + 39 + 24 + -5 + 27 + 2.
34
(-2 + 30 - 0 - 0) + (213 + -102 - 109)
30
What is 29 - -23 - (249 - 223)?
26
Calculate -6 + 18 + 2 + -38 - 73.
-97
What is 28 - (3 + (-15 - -15 - 0) + 16)?
9
What is 80 - (-6 + 8 - (-164 + 141))?
55
Evaluate -34 - -16 - (-8 - 5 - -5).
-10
Calculate -269 - (-313 - 72) - (12 + -1 + 1).
104
-3 + (-7 - -6) - (-80 - -17 - -16 - 15)
58
Evaluate (-1 - 82) + (-1760 - -1754) + 14.
-75
What is 2 + -2 - (185 - (308 - 112))?
11
Calculate -81 + (31 - -15) - -46 - (-1 + 1 - 70).
81
Calculate 5 + -47 + 5 - 0 - -4.
-33
What is (50 - -31) + -59 + (-6 - 10)?
6
(61 - 108 - -49) + 61
63
Calculate (-948 - -811) + 0 + 55.
-82
What is the value of -34 + (19 - (0 + (-21 - -4) - -25))?
-23
What is 55 + (-1 + 4 - (-762 - -798))?
22
What is -22 + (81 - (-12 + -7)) - -23 - (6 - 2)?
97
23 + (13 - -7) + (10 - 9)
44
(-8 + -1 - -19) + (-74 - -59)
-5
What is the value of 132 + -132 + (-10 - -8) + (0 - 42) + -3?
-47
What is the value of 1 + 1 + (15 - 7) - (2634 - 2532)?
-92
Evaluate (-7 - -16) + (-3 - (-2 - -5 - -1)) + 14.
16
Evaluate -83 - -164 - 74 - (2 + (1 - 7)).
11
-25 + -2 + 11 + (188 - 139)
33
Calculate -64 + 3 + -4 - 2 - (-66 - (-87 - -28)).
-60
12 - (-3 - (-10 + (18 - 11) - 3))
9
Calculate 3 - (-15 - -5) - (-46 + 0 - (-167 - -184)).
76
Evaluate -1 + -3 + (17 + -37 + -6 - 53).
-83
Evaluate 4 + -16 + (-7 + (5 - 0) + 16 - 9).
-7
Evaluate (-96 - -103 - (1 - 3)) + -42 + 19.
-14
What is the value of -45 - (-6 - 60) - (-2 - 11)?
34
Calculate (52 - (-109 - -19)) + -144.
-2
9 - 0 - ((6 - -48) + -66)
21
What is the value of -3 - (14 - -3) - ((4 - 1 - 3) + 9)?
-29
Evaluate (-53 - -18 - 53) + 29.
-59
Calculate (-5 - 3) + 55 + (21 - -1).
69
What is 11 - (11 + (-6 - (-37 - 12) - 8) + 13)?
-48
What is the value of (55 - (4 - (6 + -23))) + -19?
15
What is (-19 - -7) + (-20 + -3 - -12) + 12 - 77?
-88
Evaluate 88 + -56 + 5 + -27.
10
Calculate 101 + 76 + -61 + -42.
74
Calculate -71 - (-5 - 51) - -17.
2
19 - ((-7 - (-41 - -25)) + -58) - 24
44
What is -91 - (-165 - -138 - 105)?
41
3 + -21 - (-52 + 39)
-5
Calculate -2 - -1 - -11 - (24 + -2 + 7).
-19
What is -89 + 73 + 87 + -1 + 0?
70
Evaluate 20 + 112 - (-271 - -428).
-25
Calculate (2 - (1 + -3)) + 2 + -19.
-13
Evaluate 19 + (-3 - (-16 - 2) - (-4 - -6)).
32
What is -2020 - -2026 - (0 - -32 - 1)?
-25
8 + (-1 + 8 - 10) + -6 + 24
23
Calculate -25 + 7 - -46 - (-8 - -9).
27
-73 + (-8 - -67) + -1
-15
Calculate 9 - (-5 - -12) - ((-7 - -14) + -6 + 114).
-113
What is 1042 + -1068 + (1 - -1 - (-7 - (-3 + 7)))?
-13
What is the value of 2 - ((5 - 42) + 61 + -59 - (-6 + 1))?
32
100 + -108 + (44 - -18)
54
What is -37 + 93 - (-22 + 141)?
-63
What is the value of -1 + 4 + -19 + -10 - (-3 - 1)?
-22
Calculate 10 + -3 + -8 - (-4 + 65 + -5).
-57
Calculate 10 + -11 + (54 - -12) + -25.
40
What is the value of 102 - (-8 + 18) - (-26 - (-7 - 18))?
93
What is the value of -70 + (39 - -18 - 8)?
-21
(-36 - 41) + -17 + 1 + (5 - 1)
-89
Evaluate 70 + 17 - (93 - 45).
39
-1 + -3 + 2 - (1 - 13 - (-939 - -865))
-64
Evaluate 1 - -23 - (32 - (-23 - -40)) - -1.
10
Evaluate -25 + 1 + 4 + 11 + -22 + (-11 - -15).
-27
-3 + 15 + 8 + (6 - 15)
11
-18 + -48 + (16 - -2) + 212 + -224
-60
-41 - -101 - -45 - (1 - (21 - 6))
119
71 + -11 + -59 + -1
0
-65 - -98 - 14 - -40
59
(39 - 10) + 10 - 2
37
(-34 - -28) + 20 + -60
-46
What is the value of (-21 - -83) + -30 - -7 - -12?
51
Evaluate -50 + 23 - -4 - (-25 - -3).
-1
Cal